-19 + 8. Let y(a) = i*u(a) - 6*r(a). List the prime factors of y(1).
2, 3
Let j(i) = 10*i**2 + 8*i + 16. List the prime factors of j(6).
2, 53
Let z(c) be the first derivative of 7 + 1/2*c**2 + 9*c. What are the prime factors of z(6)?
3, 5
Suppose 4*a + 4*g + 488 = 0, 3*g = -3*a + 2*g - 358. Let y = a - -197. List the prime factors of y.
79
Suppose 4*h - 56 = -5*f, -3*f = 5*h + 55 - 125. What are the prime factors of h?
2, 7
What are the prime factors of -72*(2/(-7) + (-452)/84)?
2, 3, 17
Let b = 773 - -2527. What are the prime factors of b?
2, 3, 5, 11
Suppose -4*u - 3*y + 4588 = 0, 40*y - 43*y = -5*u + 5762. List the prime factors of u.
2, 5, 23
Let p(k) = k**2 - k - 1. Let j be p(3). Suppose -2*y = 0, 0*z = -z - 4*y + 116. Suppose l - j*l = -z. What are the prime factors of l?
29
Suppose -5 = -2*w + l + 5, 5*l + 1 = 3*w. Let n = w - 6. Suppose t - 3 = -n. What are the prime factors of t?
2
Suppose -4*f - 36 = 3*u, 5*f + 2*u + 38 = -0*f. Let d be (-24)/10*(-40)/f. Let y = 31 + d. List the prime factors of y.
3, 5
Let y(m) = m**2 + m + 8. Let q be y(0). Let v = 28 + q. List the prime factors of v.
2, 3
Let w(h) be the second derivative of h**4/3 + 5*h**3/6 - 8*h**2 + 11*h. Let v(c) = -c**2. Let p(i) = -5*v(i) - w(i). List the prime factors of p(5).
2
Let s(k) = 4*k**2 + 4*k - 5. Let p = -57 - -121. Let u be 14/8 + 16/p. What are the prime factors of s(u)?
19
Let a(q) = -4*q**3 - 3*q**2 - 2*q. Let m be a(-2). Let j = 21 - m. List the prime factors of j/((-9)/3) - -51.
2, 13
Suppose 0 = -10*t + 5440 + 1770. List the prime factors of t.
7, 103
Let n be 13/4 + 0 - (-2)/(-8). Suppose -3*m - 8 + n = 5*w, -2*m = 5*w. What are the prime factors of w?
2
Suppose -l + z = 4*l - 23, -3*z - 14 = -4*l. Suppose -125 = -l*x + 60. What are the prime factors of x?
37
Let c(y) = -y + 1. Let r(n) = -7*n - 6. Let g(x) = -4*c(x) + r(x). What are the prime factors of g(-7)?
11
What are the prime factors of (41*-7 + 2)*(-6)/5?
2, 3, 19
Let n be (24/20)/((-6)/(-40)). Suppose 3*u - n*u = -115. What are the prime factors of u?
23
Let w(v) = -8*v - 28. Let i be w(-3). What are the prime factors of (140/2)/(i/(-4 + 0))?
2, 5, 7
Let w be 140/75 + 2/15. Suppose -w*n - 114 = -390. What are the prime factors of n?
2, 3, 23
Suppose 4*s - 3*s = -2. List the prime factors of s/4*(-4 + -2).
3
List the prime factors of ((-9144)/(-27) + 4)*3/2.
2, 257
Suppose 4*t = -5*d + 590, 97 = d + 4*t - 37. Suppose d = 6*h - 132. What are the prime factors of h?
41
Suppose -8*m + 4250 + 2622 = 0. What are the prime factors of m?
859
Suppose 2 = -c, -5*f - 4*c + c + 124 = 0. Suppose -2 = 4*k - f. Suppose 2*n = k*n - 136. What are the prime factors of n?
2, 17
Let w = -23 + 26. Suppose -z = -4*z - w. List the prime factors of (z/2)/(2/(-36)).
3
Let m = 1 - 1. Let s be 3/(-12) - (-17)/4. Suppose m = -4*a - s*y - 9 + 53, 3*a - 2*y - 53 = 0. What are the prime factors of a?
3, 5
Let c(r) be the third derivative of -r**6/120 - r**5/12 + 5*r**4/24 - 5*r**3/6 - 2*r**2. Let s be c(-6). What are the prime factors of -6 + 3 + s + 16?
2, 7
Let u(y) = -y**3 - 3*y**2 + 10*y + 3. Let c be u(-5). Suppose -47 = c*s - 317. Let b = s - 39. What are the prime factors of b?
3, 17
Let h be (-12)/9*3/(-2). Suppose -128 = -r - 3*r. Suppose -r = -h*j - 0*j. What are the prime factors of j?
2
Let q(l) = l**2 + 21*l - 61. List the prime factors of q(-27).
101
Suppose -5*h = -3*m - 142 + 1597, 0 = 3*m + 5*h - 1425. List the prime factors of m.
2, 3, 5
Suppose -2*j - 402 = -b, -1592 = -4*b + 5*j - j. What are the prime factors of b?
2, 197
Let b = -73 + 142. Let k(n) = 10*n + 5. Let h be k(-5). Let d = h + b. What are the prime factors of d?
2, 3
Suppose -3*w - 95 + 98 = 0, 5*w = 2*d - 1577. What are the prime factors of d?
7, 113
Let i(m) = 9*m - 26. Let k = -17 + 21. List the prime factors of i(k).
2, 5
Let k = -62 + 125. Suppose 5*c = -0*d + 3*d + 68, -3*d - 108 = 3*c. Let m = k + d. What are the prime factors of m?
2
Let q be 17/4 + (-2)/8. Suppose -3*f + 2*f + 62 = -s, q*f - s - 257 = 0. Let p = f - 45. What are the prime factors of p?
2, 5
Let d = -386 - -665. List the prime factors of d.
3, 31
Let o be 4/(-5) - 56/(-20). Let x be (-626)/(-14) + (-4)/(-14). Suppose h = x - o. What are the prime factors of h?
43
Suppose 2*r - 1196 = -4*g, -4*g + 0*r + r + 1196 = 0. Suppose 3*k - 167 = -o, -k - g = -o - o. List the prime factors of o.
2, 19
Let g = 3155 + -1757. What are the prime factors of g?
2, 3, 233
Suppose -5 = -u - 3. Suppose 168 = u*k - 74. What are the prime factors of k?
11
Suppose -9453 = -2*k - k - g, -3*k - 2*g = -9450. What are the prime factors of k?
2, 197
Let d(q) = -q**2 - 13*q + 5. Let h be d(-14). Let l(j) = -j**2 - 5*j + 2. Let m be l(h). Let s = 55 + m. What are the prime factors of s?
3, 7
Suppose -8*o = -10*o - 1120. What are the prime factors of 1/(o/(-185) - 3)?
37
Let j = -144 - -685. List the prime factors of j.
541
Let y(c) = -2*c + 6. Let t be y(1). Suppose 0 = -t*j + 187 + 281. What are the prime factors of j?
3, 13
List the prime factors of (3 - 462/(-10))/(48/320).
2, 41
Let x be (2 + -5)/(0 + 1). Let m(d) = 5*d**2 - 3*d + 8. Let u(p) = 4*p**2 - 2*p + 7. Let s(i) = 6*m(i) - 7*u(i). List the prime factors of s(x).
29
Let m(q) = -q**3 - 3*q**2 - q + 4. Let h be m(-4). Suppose 0 = -7*z + 3*z + h. What are the prime factors of (336/(-40))/(z/(-20))?
2, 7
Suppose 185898 + 5324 = 46*d. What are the prime factors of d?
4157
Let p(g) = -3*g**3 - 14*g**2 - 41*g - 27. List the prime factors of p(-10).
3, 661
Suppose 3*l - 6*l + 9 = 0. Let f = 77 + l. Suppose -f = -4*x - 28. List the prime factors of x.
13
Let a = -1 - -5. Let w = 10 - 8. Suppose 2*s + c = a*c + 11, 0 = w*s - c - 9. What are the prime factors of s?
2
Let s(z) = z. Let k be s(-3). Let f be (-6)/2 + (3 - 3). What are the prime factors of 18/k*6/f?
2, 3
Suppose 14 = 2*s - 2. Let q be s/60 + (-116)/(-30). Suppose -8*g + 100 = -q*g. List the prime factors of g.
5
Suppose -3020 = 14*f - 11700. What are the prime factors of f?
2, 5, 31
Suppose 608 + 106 = 3*w. What are the prime factors of w?
2, 7, 17
Let o = 0 - -2. Let y(w) = -28*w + 2. Let p be y(o). Let l = p + 75. What are the prime factors of l?
3, 7
Let j = 1472 + -7. List the prime factors of j.
5, 293
Let n = 1549 + -282. What are the prime factors of n?
7, 181
Suppose -4*s + 536 - 140 = 0. List the prime factors of 1 + -1 + s + -3 + 1.
97
Suppose 0*k + 4*k - 19 = -5*i, 3*k - 16 = -2*i. Suppose 22*p - k = 19*p. List the prime factors of p.
2
Let x be 2/(-3) + 62020/42. Suppose -6*j - 3*j + x = 0. List the prime factors of j.
2, 41
Suppose 38*d = 28*d + 360. List the prime factors of d.
2, 3
Let x(n) = n**2 - n - 1. Let d(s) = -s**3 - 5*s**2 + 7*s + 4. Let z(c) = d(c) + 4*x(c). What are the prime factors of z(-4)?
2, 3
Suppose -3*b + 18 = 3*v, 5*b = -0*b - 2*v + 18. Suppose -2 = w + g - 5*g, 3*w = 4*g + b. What are the prime factors of w/(-8) + (-200)/(-32)?
2, 3
Suppose 0 = 5*l + 15, l - 28 = -5*u - 3*l. Suppose 0 = u*v - 8 - 64. What are the prime factors of v?
3
Let a(i) = -1708*i**3 + 2*i**2 + 5*i + 5. List the prime factors of a(-1).
2, 3, 5, 19
List the prime factors of ((-9)/6)/((-2)/(3835 - -1)).
3, 7, 137
Let t = 57 + -53. Suppose 1273 = t*c + m, 5*m = 2*c - 445 - 164. List the prime factors of c.
317
Suppose -5*d + 109 = -116. Suppose -3*c = -d - 57. List the prime factors of c.
2, 17
Let l = -40 + 36. What are the prime factors of 1*-49*4/l?
7
Suppose -2*y - 2*r + 546 + 416 = 0, -r = -5*y + 2405. Suppose -y - 79 = -5*o. Suppose -2*s - s - m = -136, 0 = -3*s + 5*m + o. List the prime factors of s.
2, 11
Let p(c) = c**2 + c + 13. Suppose 7*v = 5*v. List the prime factors of p(v).
13
Suppose 3*k - 2 = 16. Let i be (-1)/2 - k/(-12). Let q(l) = -l**2 + 32. What are the prime factors of q(i)?
2
Let p(s) = -36*s + 211. List the prime factors of p(-16).
787
Let h be 3 + 4*3/12. Suppose h*z + 6 = 7*z. List the prime factors of z.
2
Let g = -12 + 19. Let r(x) = x**3 + 2*x**2 - 3*x - 3. Let z be r(-2). Suppose z*p - g*p = -76. What are the prime factors of p?
19
Let w(n) = -n**2 - 14*n - 3. Let p be w(-13). Let t = p - 6. Suppose -b - 2*g = -3 - 9, t*b - 4*g = 84. What are the prime factors of b?
2, 3
Let p(v) be the second derivative of v**5/20 - v**4/6 - v**3/3 - 2*v**2 